c
In base 16, what is b7 - 3e?
79
In base 4, what is 1 + 1211130?
1211131
In base 8, what is 17764 - -3?
17767
In base 14, what is -11a - 5?
-121
In base 2, what is -1101 - 10?
-1111
In base 11, what is -882 - -3?
-87a
In base 9, what is 3 - 3663?
-3660
In base 8, what is -43 + -4?
-47
In base 12, what is 7 + a?
15
In base 7, what is 4150 + 5?
4155
In base 14, what is -295 + -1?
-296
In base 15, what is -64 + 19?
-4a
In base 4, what is -231330 - -10?
-231320
In base 3, what is 112020 - -1001?
120021
In base 14, what is -4 + 33?
2d
In base 5, what is -113201 + 2?
-113144
In base 9, what is -367 - -3?
-364
In base 9, what is -67 + -38?
-116
In base 15, what is b + e?
1a
In base 12, what is -146 + -3?
-149
In base 13, what is 6 - 34?
-2b
In base 4, what is -1112 + 1002?
-110
In base 14, what is 5 + 30?
35
In base 13, what is -2 - -873?
871
In base 9, what is -3 + -466?
-470
In base 9, what is 3 - -704?
707
In base 15, what is 10 - 18?
-8
In base 9, what is 6550 + 5?
6555
In base 12, what is -4 + -aa8?
-ab0
In base 12, what is 12 + b?
21
In base 11, what is -293 + -1a?
-302
In base 6, what is -3213 + 0?
-3213
In base 7, what is 14 - -245?
262
In base 9, what is -3 - 61?
-64
In base 3, what is -1 + -21001?
-21002
In base 14, what is 86 + -14?
72
In base 5, what is -12 + -13?
-30
In base 9, what is -12252 + -5?
-12257
In base 3, what is 10200 + 21?
10221
In base 4, what is 3232131 - -2?
3232133
In base 7, what is -130 + 10?
-120
In base 5, what is 4011 + -4?
4002
In base 12, what is -8 + 43?
37
In base 2, what is 11 + 111010010001?
111010010100
In base 7, what is 125 + 3?
131
In base 4, what is 10 - -13211?
13221
In base 16, what is b - -3?
e
In base 16, what is 0 - -a27?
a27
In base 11, what is 322 - -2?
324
In base 7, what is 12420 - 1?
12416
In base 14, what is 4 - 89?
-85
In base 14, what is b5 - 4?
b1
In base 6, what is -440 - 5?
-445
In base 9, what is 1 - 31?
-30
In base 11, what is 15 + 620?
635
In base 4, what is 11 - 3130?
-3113
In base 8, what is 21735 - -5?
21742
In base 13, what is -1b6 + 2?
-1b4
In base 4, what is 102012 - 2?
102010
In base 14, what is 2 + -67b?
-679
In base 10, what is -26 + -5?
-31
In base 4, what is -2200303 - 10?
-2200313
In base 16, what is -33 - 5?
-38
In base 5, what is -11 - 344?
-410
In base 10, what is -5 - 36?
-41
In base 7, what is 5 + 166?
204
In base 4, what is -11 - -1002033?
1002022
In base 15, what is 2e + -7?
27
In base 11, what is 62 + -11?
51
In base 16, what is -12e + -4?
-132
In base 9, what is 4016 + 2?
4018
In base 10, what is 3 - -95?
98
In base 9, what is 2 - 784?
-782
In base 15, what is 91 + 1e?
b0
In base 4, what is 201303 + 0?
201303
In base 13, what is -328 - -3?
-325
In base 9, what is -1 - 13?
-14
In base 4, what is -232100 - -3?
-232031
In base 11, what is 3 - -19a?
1a2
In base 10, what is 8958 - 5?
8953
In base 10, what is 3329 + -3?
3326
In base 9, what is -26 - -4?
-22
In base 15, what is -107 + 10?
-e7
In base 13, what is 3 - -4?
7
In base 6, what is 2 + -3035?
-3033
In base 5, what is 113 + 11?
124
In base 16, what is -3 + 3b?
38
In base 11, what is -1 - 582?
-583
In base 11, what is -20 - 32a?
-34a
In base 15, what is -2 - -b3?
b1
In base 7, what is -235 - -1?
-234
In base 10, what is 0 - 214?
-214
In base 16, what is -137 - -2?
-135
In base 14, what is -89 - -2?
-87
In base 5, what is 2 - 121030?
-121023
In base 14, what is -1 - 3d0?
-3d1
In base 3, what is 120202 + -10?
120122
In base 5, what is -210 + -1?
-211
In base 13, what is 86 - -4?
8a
In base 7, what is -650 + -1?
-651
In base 16, what is -3 - -f2?
ef
In base 13, what is -2 + -98?
-9a
In base 12, what is 176 + 45?
1bb
In base 6, what is -12 - 145?
-201
In base 3, what is -2 + -11221?
-12000
In base 10, what is -1 - 62?
-63
In base 9, what is -253 - 0?
-253
In base 5, what is -2104 - -14?
-2040
In base 10, what is -8 - -22?
14
In base 13, what is 102 - 2?
100
In base 9, what is 37 - 5?
32
In base 14, what is 648d + -4?
6489
In base 2, what is 11011 + -1000?
10011
In base 13, what is 4a + 38?
85
In base 9, what is 2 - -56?
58
In base 5, what is -342224 + 1?
-342223
In base 10, what is 0 + -124?
-124
In base 8, what is -144 - 0?
-144
In base 3, what is -12002101 - 2?
-12002110
In base 12, what is -9b - -12?
-89
In base 7, what is -33150 + 2?
-33145
In base 4, what is -10 + -223?
-233
In base 12, what is 29 + 127?
154
In base 15, what is -5 + -104?
-109
In base 4, what is 1300 + -21?
1213
In base 15, what is 497 + 9?
4a1
In base 12, what is 4 - -86?
8a
In base 9, what is -1263 - -3?
-1260
In base 15, what is -c8e - 0?
-c8e
In base 7, what is 13 + 213?
226
In base 10, what is -18 - 63?
-81
In base 13, what is -435 - 9?
-441
In base 11, what is 1 - -1556?
1557
In base 5, what is -31 - 2001?
-2032
In base 8, what is -254 - 61?
-335
In base 14, what is 6 + -9?
-3
In base 3, what is -11 + 1022022?
1022011
In base 15, what is -7d - -4?
-79
In base 7, what is -3 - 2265?
-2301
In base 11, what is -1 + -6a?
-70
In base 13, what is 50 + 9?
59
In base 4, what is -2113 - -1?
-2112
In base 14, what is -5 - -32?
2b
In base 14, what is 5 - ad2?
-acb
In base 12, what is 1b + a?
29
In base 12, what is 0 - -109b?
109b
In base 5, what is 23 - -102?
130
In base 11, what is 1 - 198a?
-1989
In base 2, what is 111001 - 1?
111000
In base 4, what is 2 - 330213?
-330211
In base 14, what is -3 + -21?
-24
In base 10, what is 629 + 40?
669
In base 12, what is -2 + -724?
-726
In base 2, what is 1001 + -1011111?
-1010110
In base 16, what is -5 + 1e?
19
In base 8, what is -3 + 37?
34
In base 5, what is 0 - 1432?
-1432
In base 11, what is 110 - 21?
9a
In base 7, what is -24 + -5?
-32
In base 14, what is 2 + -675?
-673
In base 8, what is -73 - 167?
-262
In base 8, what is -3 - -4151?
4146
In base 8, what is 12274 - 5?
12267
In base 9, what is -76 - -22?
-54
In base 8, what is 545 - -3?
550
In base 11, what is -66 - 6?
-71
In base 6, what is 23 + -354?
-331
In base 14, what is -5 + 347?
342
In base 2, what is 11011001100111 - 100?
11011001100011
In base 11, what is -3 - -77a?
777
In base 9, what is -426 + -2?
-428
In base 9, what is 661 + 4?
665
In base 9, what is -4 + 216?
212
In base 4, what is -21 - -1?
-20
In base 14, what is 1 - da7?
-da6
In base 12, what is 1 + -35?
-34
In base 6, what is 24 + -1202?
-1134
In base 4, what is 1021 - -221?
1302
In base 7, what is -1105 + -1?
-1106
In base 13, what is 8 + -26?
-1b
In base 3, what is 1002110 - 0?
1002110
In base 9, what is -416 + 3?
-413
In base 9, what is -7 + 58?
51
In base 13, what is b - a?
1
In base 8, what is 3 - 12?
-7
In base 10, what is 5 - 59?
-54
In base 14, what is -1 + -114c?
-114d
In base 10, what is 516 + -4?
512
In base 16, what is 35 + 18?
4d
In base 7, what is 5421 + 0?
5421
In base 7, what is 2 + -41?
-36
In base 3, what is -111202 - 0?
-111202
In base 9, what is 1874 - -10?
1884
In base 5, what is 3 + 42413?
42421
In base 8, what is -1 - 37?
-40
In base 12, what is 13076 - 5?
13071
In base 15, what is 35e2 + -2?
35e0
In base 5, what is -23 + 22?
-1
In base 7, what is -542 - 1?
-543
In base 10, what is -3147 + -1?
-3148
In base 3, what is 11 + 1020202?
1020220
In base 12, what is 12b6 + -5?
12b1
In base 16, what is 0 + d?
d
In base 2, what is -10001111100 + 100?
-10001111000
In base 2, what is 10111 + -10000110000?
-10000011001
In base 2, what is 100 - -10100111100?
10101000000
In base 12, what is -6 + 51?
47
In base 14, what is -3 - -dc?
d9
In base 13, what is 1 - 2154?
-2153
In base 3, what is 22 - -2001?
2100
In base 11, what is 0 - 262?
-262
In base 10, what is -255 + -1?
-256
In base 6, what is 1 - -30550?
30551
In base 2, what is 1000001011 + 0?
1000001011
In base 11, what is -17 + 54?
38
In base 3, what is -12 + 1212?
1200
In base 12, what is 3 + -515?
-512
In base 7, what is -6 + 40?
31
In base 2, what is -10000010 - 11?
-10000101
In base 2, what is 10101011111101 + 101?
10101100000010
In base 14, what is 4 + 140?
144
In base 11, what is 65 + -7?
59
In base 8, what is 16 + -173?
-155
In base 14, what is 402 - 4?
3dc
In base 15, what is 0 - -43?
43
In base 2, what is -11100101 + -110?
-11101011
In base 2, what is 100 - 1000111?
-1000011
In base 3, what is -20 + 11020?
11000
In base 13, what is -c4 - 3?
-c7
In base 6, what is 2 - 24235?
-24233
In base 9, what is -5 + -412?
-41